{"id":58,"date":"2017-07-19T00:55:41","date_gmt":"2017-07-18T22:55:41","guid":{"rendered":"http:\/\/www.ob-u-s.de\/wp_1\/?page_id=58"},"modified":"2017-09-04T18:08:16","modified_gmt":"2017-09-04T16:08:16","slug":"unternehmen","status":"publish","type":"page","link":"https:\/\/www.ob-u-s.de\/wp_1\/unternehmen\/","title":{"rendered":"Unternehmen"},"content":{"rendered":"<p>Als <strong>Unternehmensberatung mit Fokus Produktentwicklung<\/strong> besch\u00e4ftigen wir uns mit den Themenschwerpunkten <strong>CAD<\/strong> <strong>PLM<\/strong> und <strong>ERP<\/strong> bis hin zur interdisziplin\u00e4ren Thematik rund um <strong>Industrie 4.0<\/strong>. Dies umfasst vor allem die <strong>systemneutrale Beratung<\/strong> im Rahmen von Auswahl- und Einf\u00fchrungsprojekten von Methodik und Software.<br \/>\nDurch die Erfahrung von 20 Jahren erfolgreicher Projektarbeit verf\u00fcgen wir \u00fcber ein breites Fachwissen und die notwendige Branchenkenntnis zur optimalen Gestaltung von Ver\u00e4nderungsprojekten auf organisatorischer, prozessualer und IT-Ebene.<\/p>\n<p><b>Konkret stehen wir f\u00fcr:<\/b><\/p>\n<ul>\n<li><strong>Interne IT-Projekte<\/strong> \u2013 Wir unterst\u00fctzen Unternehmen bei Prozess- und Organisations- und internen IT-Projekten.<\/li>\n<li><strong> Systemauswahl<\/strong> \u2013 Wir zeigen Ihnen, wie Sie die Fu\u00dfangeln eines Systemauswahlprojektes umgehen.<\/li>\n<li><strong> Neutrale Beratung<\/strong> \u2013 Wir beraten seit 1994 herstellerunabh\u00e4ngig und neutral.<\/li>\n<li><strong> Systemlandschaft<\/strong> \u2013 Wir bef\u00e4higen Ihr Team das neues System in Ihre Systemlandschaft einzubetten.<\/li>\n<li><strong> Markt\u00fcbersicht<\/strong> \u2013 Wir haben das Ohr am Markt und kennen die kompetenten Ansprechpartner der Systemhersteller<\/li>\n<li><strong> Akzeptanz<\/strong> \u2013 Wir sorgen f\u00fcr nachhaltige Akzeptanz auf der operativen Ebene und werden selbst herstellerseitig respektiert<\/li>\n<li><strong> Fokus Produktentwicklung<\/strong> \u2013 Unsere Themenschwerpunkte liegen im Umfeld der Produktentwicklung mit CAD PLM und ERP bis hin zu L\u00f6sungen aus den Bereichen Produktinformationsmanagement (PIM), Content Management Systemen (CMS) und Cross Media Publishing.<\/li>\n<li><strong> Interdisziplin\u00e4r<\/strong> \u2013 Wir sprechen die Sprache von Mechanik und Elektrik<\/li>\n<li><strong> Projektteam<\/strong> \u2013 Wir entwickeln L\u00f6sungen gemeinsam mit unseren Kunden, dadurch sichern wir die Akzeptanz und so auch die praktische Umsetzung der Konzepte.<\/li>\n<li><strong> Didaktik<\/strong> \u2013 Management-Coaching, Seminare und Schulungen erg\u00e4nzen dabei unsere themenzentrierte Projektarbeit.<\/li>\n<li><strong> Kooperationen<\/strong> \u2013 Ein weites Kooperationsnetzwerk erm\u00f6glicht auch in speziellen Fragestellungen eine qualifizierte und neutrale Beratung.<\/li>\n<li><strong> Vertikal durchg\u00e4ngig<\/strong> \u2013 Erfahrene, qualifizierte Berater verstehen die Belange von F\u00fchrungskr\u00e4ften und Mitarbeitern in Ihren inhaltlichen Fragestellungen<\/li>\n<\/ul>\n","protected":false},"excerpt":{"rendered":"<p>Als Unternehmensberatung mit Fokus Produktentwicklung besch\u00e4ftigen wir uns mit den Themenschwerpunkten CAD PLM und ERP bis hin zur interdisziplin\u00e4ren Thematik rund um Industrie 4.0. Dies umfasst vor allem die systemneutrale Beratung im Rahmen von Auswahl- und Einf\u00fchrungsprojekten von Methodik und [&hellip;]<\/p>\n","protected":false},"author":1,"featured_media":175,"parent":0,"menu_order":0,"comment_status":"closed","ping_status":"closed","template":"","meta":{"footnotes":""},"class_list":["post-58","page","type-page","status-publish","has-post-thumbnail","hentry"],"_links":{"self":[{"href":"https:\/\/www.ob-u-s.de\/wp_1\/wp-json\/wp\/v2\/pages\/58","targetHints":{"allow":["GET"]}}],"collection":[{"href":"https:\/\/www.ob-u-s.de\/wp_1\/wp-json\/wp\/v2\/pages"}],"about":[{"href":"https:\/\/www.ob-u-s.de\/wp_1\/wp-json\/wp\/v2\/types\/page"}],"author":[{"embeddable":true,"href":"https:\/\/www.ob-u-s.de\/wp_1\/wp-json\/wp\/v2\/users\/1"}],"replies":[{"embeddable":true,"href":"https:\/\/www.ob-u-s.de\/wp_1\/wp-json\/wp\/v2\/comments?post=58"}],"version-history":[{"count":3,"href":"https:\/\/www.ob-u-s.de\/wp_1\/wp-json\/wp\/v2\/pages\/58\/revisions"}],"predecessor-version":[{"id":144,"href":"https:\/\/www.ob-u-s.de\/wp_1\/wp-json\/wp\/v2\/pages\/58\/revisions\/144"}],"wp:featuredmedia":[{"embeddable":true,"href":"https:\/\/www.ob-u-s.de\/wp_1\/wp-json\/wp\/v2\/media\/175"}],"wp:attachment":[{"href":"https:\/\/www.ob-u-s.de\/wp_1\/wp-json\/wp\/v2\/media?parent=58"}],"curies":[{"name":"wp","href":"https:\/\/api.w.org\/{rel}","templated":true}]}}